{"id":438,"date":"2024-05-30T14:46:58","date_gmt":"2024-05-30T14:46:58","guid":{"rendered":"https:\/\/villarichter.de\/?page_id=438"},"modified":"2024-05-30T14:51:50","modified_gmt":"2024-05-30T14:51:50","slug":"kuriositaeten","status":"publish","type":"page","link":"https:\/\/villarichter.de\/?page_id=438","title":{"rendered":"Kuriosit\u00e4ten"},"content":{"rendered":"\n<p>Hier kommen ein paar Kuriosit\u00e4ten, die sich aus meiner Landwirtschaft, meiner Pferdehaltung, Gem\u00fcsegarten und Wolleliebhaberei zusammensetzen! Viel Spa\u00df beim St\u00f6bern! <\/p>\n\n\n\n\t<div class='ngg-imagebrowser default-view'\n\t\tid='ngg-imagebrowser-7478e3dd31317037987bde480a15915c-438'\n\t\tdata-nextgen-gallery-id=\"7478e3dd31317037987bde480a15915c\">\n\n\t\t<h3>Bestaeuberpinsel<\/h3>\n\n\t\t<div id=\"ngg-image-0\" class=\"pic\" \n\t\t\t\t\t>\n\t\t<a href='https:\/\/villarichter.de\/wp-content\/gallery\/kuriositaeten\/Bestaeuberpinsel.jpg'\n\t\t\ttitle=' '\n\t\t\tdata-src=\"https:\/\/villarichter.de\/wp-content\/gallery\/kuriositaeten\/Bestaeuberpinsel.jpg\"\n\t\t\tdata-thumbnail=\"https:\/\/villarichter.de\/wp-content\/gallery\/kuriositaeten\/thumbs\/thumbs-Bestaeuberpinsel.jpg\"\n\t\t\tdata-image-id=\"47\"\n\t\t\tdata-title=\"Bestaeuberpinsel\"\n\t\t\tdata-description=\" \"\n\t\t\tclass=\"ngg-simplelightbox\" rel=\"7478e3dd31317037987bde480a15915c\">\n\t\t\t<img title='Bestaeuberpinsel'\n\t\t\t\talt='Bestaeuberpinsel'\n\t\t\t\tsrc='https:\/\/villarichter.de\/wp-content\/gallery\/kuriositaeten\/Bestaeuberpinsel.jpg'\/>\n\t\t<\/a>\n\t\t\n\t\t<\/div>\n\t\t<div class='ngg-imagebrowser-nav'>\n\n\t\t\t<div class='back'>\n\t\t\t\t<a class='ngg-browser-prev'\n\t\t\t\t\tid='ngg-prev-47'\n\t\t\t\t\thref='https:\/\/villarichter.de\/index.php\/nggallery\/image\/bestaeuberpinsel?page_id=438'>\n\t\t\t\t\t<i class=\"fa fa-chevron-left\" aria-hidden=\"true\"><\/i>\n\t\t\t\t<\/a>\n\t\t\t<\/div>\n\n\t\t\t<div class='next'>\n\t\t\t\t<a class='ngg-browser-next'\n\t\t\t\t\tid='ngg-next-47'\n\t\t\t\t\thref='https:\/\/villarichter.de\/index.php\/nggallery\/image\/bestaeuberpinsel?page_id=438'>\n\t\t\t\t\t<i class=\"fa fa-chevron-right\" aria-hidden=\"true\"><\/i>\n\t\t\t\t<\/a>\n\t\t\t<\/div>\n\n\t\t\t<div class='counter'>\n\t\t\t\tBild\t\t\t\t1\t\t\t\tvon\t\t\t\t1\t\t\t<\/div>\n\n\t\t\t<div class='ngg-imagebrowser-desc'>\n\t\t\t\t<p> <\/p>\n\t\t\t<\/div>\n\n\t\t<\/div>\n\t<\/div>\n\n","protected":false},"excerpt":{"rendered":"<p>Hier kommen ein paar Kuriosit\u00e4ten, die sich aus meiner Landwirtschaft, meiner Pferdehaltung, Gem\u00fcsegarten und Wolleliebhaberei zusammensetzen! Viel Spa\u00df beim St\u00f6bern!<\/p>\n","protected":false},"author":1,"featured_media":0,"parent":0,"menu_order":0,"comment_status":"closed","ping_status":"closed","template":"","meta":{"ngg_post_thumbnail":0,"footnotes":""},"_links":{"self":[{"href":"https:\/\/villarichter.de\/index.php?rest_route=\/wp\/v2\/pages\/438"}],"collection":[{"href":"https:\/\/villarichter.de\/index.php?rest_route=\/wp\/v2\/pages"}],"about":[{"href":"https:\/\/villarichter.de\/index.php?rest_route=\/wp\/v2\/types\/page"}],"author":[{"embeddable":true,"href":"https:\/\/villarichter.de\/index.php?rest_route=\/wp\/v2\/users\/1"}],"replies":[{"embeddable":true,"href":"https:\/\/villarichter.de\/index.php?rest_route=%2Fwp%2Fv2%2Fcomments&post=438"}],"version-history":[{"count":2,"href":"https:\/\/villarichter.de\/index.php?rest_route=\/wp\/v2\/pages\/438\/revisions"}],"predecessor-version":[{"id":443,"href":"https:\/\/villarichter.de\/index.php?rest_route=\/wp\/v2\/pages\/438\/revisions\/443"}],"wp:attachment":[{"href":"https:\/\/villarichter.de\/index.php?rest_route=%2Fwp%2Fv2%2Fmedia&parent=438"}],"curies":[{"name":"wp","href":"https:\/\/api.w.org\/{rel}","templated":true}]}}