{"id":40,"date":"2019-01-12T17:22:18","date_gmt":"2019-01-12T17:22:18","guid":{"rendered":"http:\/\/villarichter.de\/?page_id=40"},"modified":"2021-05-01T13:46:53","modified_gmt":"2021-05-01T13:46:53","slug":"impressum","status":"publish","type":"page","link":"https:\/\/villarichter.de\/?page_id=40","title":{"rendered":"Impressum"},"content":{"rendered":"\n<p><strong>Tatjana Richter<\/strong><\/p>\n\n\n\n<p><strong>Pfarrstr. 30<\/strong><\/p>\n\n\n\n<p><strong>73266 Bissingen<\/strong><\/p>\n\n\n\n<p><strong>Mobil:<\/strong>           01573-4347453<\/p>\n\n\n\n<p><strong>E-Mail: \u00a0\u00a0\u00a0\u00a0\u00a0\u00a0\u00a0 <\/strong><a href=\"mailto:tatjana@villarichter.de\">tatjana@villarichter.de<\/a> <\/p>\n\n\n\n<p><strong>Steuernummer:<\/strong> Pensionspferdebetrieb     69039\/16509<br>                                Wanderreitstation             69039\/16148<br><\/p>\n\n\n\n<p><strong>Hinweis zum Haftungsschluss<\/strong>:<br> Nach einem Urteil des LG Hamburg vom 12.05.1998 tr\u00e4gt man bei Anbringung eines Links grunds\u00e4tzlich Verantwortung f\u00fcr die Inhalte der gelinkten Seite, es sei denn, man distanziert sich ausdr\u00fccklich von diesen Inhalten. F\u00fcr alle Links und Banner unserer Homepage distanzieren wir uns daher ausdr\u00fccklich von deren Inhalten, da wir keinerlei Einfluss auf die Gestaltung und Inhalte der gelinkten Seiten haben. <br><\/p>\n\n\n\n<p><strong>Copyright Hinweise<\/strong>:<br> Alle Texte, Bilder, Audio-Dateien und weitere hier ver\u00f6ffentlichte Informationen, mit Ausnahme der gekennzeichneten Artikel, unterliegen dem Copyright der jeweiligen Autoren und K\u00fcnstler. Eine Reproduktion oder Wiedergabe des Ganzen oder von Teilen ist ohne eine schriftliche Genehmigung nicht gestattet. <\/p>\n","protected":false},"excerpt":{"rendered":"<p>Tatjana Richter Pfarrstr. 30 73266 Bissingen Mobil: 01573-4347453 E-Mail: \u00a0\u00a0\u00a0\u00a0\u00a0\u00a0\u00a0 tatjana@villarichter.de Steuernummer: Pensionspferdebetrieb 69039\/16509 Wanderreitstation 69039\/16148 Hinweis zum Haftungsschluss: Nach einem Urteil des LG Hamburg vom 12.05.1998 tr\u00e4gt man bei Anbringung eines Links grunds\u00e4tzlich Verantwortung f\u00fcr die Inhalte der gelinkten Seite, es sei denn, man distanziert sich ausdr\u00fccklich von diesen Inhalten. F\u00fcr alle Links und&hellip;<\/p>\n","protected":false},"author":1,"featured_media":0,"parent":0,"menu_order":0,"comment_status":"closed","ping_status":"closed","template":"","meta":{"ngg_post_thumbnail":0,"footnotes":""},"_links":{"self":[{"href":"https:\/\/villarichter.de\/index.php?rest_route=\/wp\/v2\/pages\/40"}],"collection":[{"href":"https:\/\/villarichter.de\/index.php?rest_route=\/wp\/v2\/pages"}],"about":[{"href":"https:\/\/villarichter.de\/index.php?rest_route=\/wp\/v2\/types\/page"}],"author":[{"embeddable":true,"href":"https:\/\/villarichter.de\/index.php?rest_route=\/wp\/v2\/users\/1"}],"replies":[{"embeddable":true,"href":"https:\/\/villarichter.de\/index.php?rest_route=%2Fwp%2Fv2%2Fcomments&post=40"}],"version-history":[{"count":4,"href":"https:\/\/villarichter.de\/index.php?rest_route=\/wp\/v2\/pages\/40\/revisions"}],"predecessor-version":[{"id":214,"href":"https:\/\/villarichter.de\/index.php?rest_route=\/wp\/v2\/pages\/40\/revisions\/214"}],"wp:attachment":[{"href":"https:\/\/villarichter.de\/index.php?rest_route=%2Fwp%2Fv2%2Fmedia&parent=40"}],"curies":[{"name":"wp","href":"https:\/\/api.w.org\/{rel}","templated":true}]}}