{"id":390,"date":"2024-05-26T16:43:59","date_gmt":"2024-05-26T16:43:59","guid":{"rendered":"https:\/\/villarichter.de\/?page_id=390"},"modified":"2024-06-08T13:18:35","modified_gmt":"2024-06-08T13:18:35","slug":"kleidung","status":"publish","type":"page","link":"https:\/\/villarichter.de\/?page_id=390","title":{"rendered":"Kleidung"},"content":{"rendered":"\n<figure class=\"wp-block-image size-full is-resized\"><img loading=\"lazy\" decoding=\"async\" width=\"858\" height=\"989\" src=\"https:\/\/villarichter.de\/wp-content\/uploads\/2024\/05\/KleineAusstellung.jpg\" alt=\"\" class=\"wp-image-363\" style=\"width:179px;height:auto\" srcset=\"https:\/\/villarichter.de\/wp-content\/uploads\/2024\/05\/KleineAusstellung.jpg 858w, https:\/\/villarichter.de\/wp-content\/uploads\/2024\/05\/KleineAusstellung-260x300.jpg 260w, https:\/\/villarichter.de\/wp-content\/uploads\/2024\/05\/KleineAusstellung-768x885.jpg 768w\" sizes=\"(max-width: 858px) 100vw, 858px\" \/><\/figure>\n\n\n\n<p>Im folgenden Men\u00fc seht Ihr meine fertigen Kleidungsprodukte. Die allermeisten Teile sind von mir selbst designt. Sowohl Farbzusammenstellung, als auch Form sind in meinem Kopf entstanden und somit einzigartig. Da ich selbst keine Model-Ma\u00dfe habe, habe ich hier auch immer gr\u00f6\u00dfere Gr\u00f6\u00dfen erstellt. Und da Wolle dehnbar ist, pa\u00dft es ca. von 40 bis 44. Solltet Ihr genaue Ma\u00dfe wollen, dann schreibt mich gezielt an, unter <a href=\"mailto:tatjana@villarichter.de\">tatjana@villarichter.de<\/a> .<br><\/p>\n\n\n\n\t<div class='ngg-imagebrowser default-view'\n\t\tid='ngg-imagebrowser-9c066390533fe6fa4ed3d18e9199a789-390'\n\t\tdata-nextgen-gallery-id=\"9c066390533fe6fa4ed3d18e9199a789\">\n\n\t\t<h3>SommertopSonnenaufgang<\/h3>\n\n\t\t<div id=\"ngg-image-0\" class=\"pic\" \n\t\t\t\t\t>\n\t\t<a href='https:\/\/villarichter.de\/wp-content\/gallery\/kleidung\/SommertopSonnenaufgang.jpg'\n\t\t\ttitle=' '\n\t\t\tdata-src=\"https:\/\/villarichter.de\/wp-content\/gallery\/kleidung\/SommertopSonnenaufgang.jpg\"\n\t\t\tdata-thumbnail=\"https:\/\/villarichter.de\/wp-content\/gallery\/kleidung\/thumbs\/thumbs-SommertopSonnenaufgang.jpg\"\n\t\t\tdata-image-id=\"85\"\n\t\t\tdata-title=\"SommertopSonnenaufgang\"\n\t\t\tdata-description=\" \"\n\t\t\tclass=\"ngg-simplelightbox\" rel=\"9c066390533fe6fa4ed3d18e9199a789\">\n\t\t\t<img title='SommertopSonnenaufgang'\n\t\t\t\talt='SommertopSonnenaufgang'\n\t\t\t\tsrc='https:\/\/villarichter.de\/wp-content\/gallery\/kleidung\/SommertopSonnenaufgang.jpg'\/>\n\t\t<\/a>\n\t\t\n\t\t<\/div>\n\t\t<div class='ngg-imagebrowser-nav'>\n\n\t\t\t<div class='back'>\n\t\t\t\t<a class='ngg-browser-prev'\n\t\t\t\t\tid='ngg-prev-83'\n\t\t\t\t\thref='https:\/\/villarichter.de\/index.php\/nggallery\/image\/ruanaponcho3?page_id=390'>\n\t\t\t\t\t<i class=\"fa fa-chevron-left\" aria-hidden=\"true\"><\/i>\n\t\t\t\t<\/a>\n\t\t\t<\/div>\n\n\t\t\t<div class='next'>\n\t\t\t\t<a class='ngg-browser-next'\n\t\t\t\t\tid='ngg-next-84'\n\t\t\t\t\thref='https:\/\/villarichter.de\/index.php\/nggallery\/image\/sommertopsonnenaufgang1?page_id=390'>\n\t\t\t\t\t<i class=\"fa fa-chevron-right\" aria-hidden=\"true\"><\/i>\n\t\t\t\t<\/a>\n\t\t\t<\/div>\n\n\t\t\t<div class='counter'>\n\t\t\t\tBild\t\t\t\t1\t\t\t\tvon\t\t\t\t6\t\t\t<\/div>\n\n\t\t\t<div class='ngg-imagebrowser-desc'>\n\t\t\t\t<p> <\/p>\n\t\t\t<\/div>\n\n\t\t<\/div>\n\t<\/div>\n\n","protected":false},"excerpt":{"rendered":"<p>Im folgenden Men\u00fc seht Ihr meine fertigen Kleidungsprodukte. Die allermeisten Teile sind von mir selbst designt. Sowohl Farbzusammenstellung, als auch Form sind in meinem Kopf entstanden und somit einzigartig. Da ich selbst keine Model-Ma\u00dfe habe, habe ich hier auch immer gr\u00f6\u00dfere Gr\u00f6\u00dfen erstellt. Und da Wolle dehnbar ist, pa\u00dft es ca. von 40 bis 44.&hellip;<\/p>\n","protected":false},"author":1,"featured_media":0,"parent":0,"menu_order":0,"comment_status":"closed","ping_status":"closed","template":"","meta":{"ngg_post_thumbnail":0,"footnotes":""},"_links":{"self":[{"href":"https:\/\/villarichter.de\/index.php?rest_route=\/wp\/v2\/pages\/390"}],"collection":[{"href":"https:\/\/villarichter.de\/index.php?rest_route=\/wp\/v2\/pages"}],"about":[{"href":"https:\/\/villarichter.de\/index.php?rest_route=\/wp\/v2\/types\/page"}],"author":[{"embeddable":true,"href":"https:\/\/villarichter.de\/index.php?rest_route=\/wp\/v2\/users\/1"}],"replies":[{"embeddable":true,"href":"https:\/\/villarichter.de\/index.php?rest_route=%2Fwp%2Fv2%2Fcomments&post=390"}],"version-history":[{"count":4,"href":"https:\/\/villarichter.de\/index.php?rest_route=\/wp\/v2\/pages\/390\/revisions"}],"predecessor-version":[{"id":500,"href":"https:\/\/villarichter.de\/index.php?rest_route=\/wp\/v2\/pages\/390\/revisions\/500"}],"wp:attachment":[{"href":"https:\/\/villarichter.de\/index.php?rest_route=%2Fwp%2Fv2%2Fmedia&parent=390"}],"curies":[{"name":"wp","href":"https:\/\/api.w.org\/{rel}","templated":true}]}}