{"id":125,"date":"2019-01-14T19:11:09","date_gmt":"2019-01-14T19:11:09","guid":{"rendered":"http:\/\/villarichter.de\/?page_id=125"},"modified":"2024-02-28T12:10:43","modified_gmt":"2024-02-28T12:10:43","slug":"aktuelles","status":"publish","type":"page","link":"https:\/\/villarichter.de\/?page_id=125","title":{"rendered":"Aktuelles"},"content":{"rendered":"\n<p><strong>Januar 2024<\/strong> <br>Nach diesem sehr speziellen Jahr 2023 (mein Mann und ich sind 2464 km von der Haust\u00fcre nach Santiago der Compostella gelaufen in 104 Etappen und die Wanderreitstation Villarichter war geschlossen) kommt nun wieder ein &#8222;normales&#8220; Jahr. Wir freuen uns jetzt um so mehr auf Euch WanderreiterInnen, auf nette Gespr\u00e4che und interessante Geschichten. <br>Save the Date oder auf Deutsch: Markiere Deinen Kalender, es lohnt sich:<br>&#8211; 16. bis 18. Febr.: Messe &#8222;Pferd Bodensee&#8220; in Friedrichshafen, &#8222;Mittlere Alb zu Pferde e. V.&#8220; ist mit einem <br>                  Stand (Halle A4, Stand A4-F22) dort vertreten, ich bin an allen Tagen am Stand, <br>                  meldet Euch und sagt Hallo! <br>&#8211; 27. April: Saisoner\u00f6ffnung in G\u00e4chingen in der Wanderreitstation Albwege, <br>                  siehe <a href=\"http:\/\/www.wanderreiten-alb.de\">www.wanderreiten-alb.de<\/a><br>&#8211; 6. und 7. Juli: Geschicklichkeitslehrgang bei Urte Biallas hier in der Villarichter <\/p>\n\n\n\n<figure class=\"wp-block-image size-large\"><img decoding=\"async\" src=\"https:\/\/villarichter.de\/wp-content\/uploads\/2024\/01\/Plakat2024-724x1024.jpg\" alt=\"\" class=\"wp-image-254\"\/><\/figure>\n\n\n\n<p><br><strong>Februar 2023:<\/strong><br>Familie Richter w\u00fcnscht allen, die diese Seite besuchen noch ein wundersch\u00f6nes Jahr 2023. Wie die Zeit doch rennt, haben wir schon wieder Februar. <br>Dieses Jahr wird ein besonderes Jahr f\u00fcr uns. Hansj\u00f6rg geht in den Vorruhestand und dies haben er und ich als Anlass genommen, dieses Jahr &#8222;mal weg zu sein&#8220;. Ja, richtig, wir wollen bzw. wir werden den Jakobsweg laufen und zwar von der Haust\u00fcre an, knappe 2300 Km nach Santiago de Compostella. Der geplante Start ist Ende Mai. S\u00e4mtliche Planungen in Richtung Stall und auch Wanderreitstation sind in vollem Gange. <br>Die Wanderreitstation Villarichter wird dieses Jahr am 22. Mai wieder schlie\u00dfen. Und da wir uns keinen Stress machen wollen, kann hier auch nicht gesagt werden, ob wir bis September wieder zur\u00fcck sind. Sollte die Station im September\/Oktober noch einmal \u00f6ffnen, werden wir es hier und in anderen medialen Kan\u00e4len posten und geben somit Kurzentschlossen noch einmal die M\u00f6glichkeit einen kleinen Mehrtagsritt zu machen. <br><\/p>\n\n\n\n<p><\/p>\n\n\n\n<p><strong>Februar 2022<\/strong><br>Wir, die Wanderreitstation Villarichter, sind seit 2016 Mitglied im Verein &#8222;<a href=\"http:\/\/www.wanderreiten-alb.de\">Mittlere Alb zu Pferde e. V.<\/a>&#8222;. Seit Mai 2021 bin ich, Tatjana, auch 1. Vorsitzende dieses Vereins. Es ist ein Zusammenschluss mehrerer landwirtschaftlicher H\u00f6fe, die Wanderreitern \u00dcbernachtungsm\u00f6glichkeiten mit ihren Pferden bieten. Hier haben wir seit diesem Jahr 2 neue Stationen, den <a href=\"http:\/\/www.rosenhof-pferde.de\">Rosenhof<\/a> auf dem Bl\u00e4siberg und den <a href=\"http:\/\/www.familienbetrieb-raubeckhof.de\">Raubeckhof<\/a> in D\u00fcrnau. <br>Mit diesen H\u00f6fen gibt es nun mit der Wanderreitstation Villarichter zusammen unendlich viele M\u00f6glichkeiten f\u00fcr neue Touren am Albtrauf! Bei Interesse fragt einfach bei <a href=\"mailto: tatjana@villarichter.de\">mir<\/a> an und ich mache Euch Euer individuelles Angebot! Ich freu mich auf Euch! <\/p>\n\n\n\n<p><br><strong>Januar 2022<\/strong><br>Liebe Besucher dieser Seite, wir w\u00fcnschen Euch ein wundersch\u00f6nes, gesundes und vor allem wieder normaleres Jahr 2022! Unsere Pferde haben Silvester (mit erstaunlich vielen B\u00f6llern, trotz Kaufverbot!) gut \u00fcberstanden. <br>Die Wanderreitstation ist noch im Winterschlaf, aber die ersten Touren sind bereits geplant und gebucht und die Anfragen werden bereits jetzt schon mehr. Wir freuen uns auf viele G\u00e4ste, egal ob mit Pferden, zu Fu\u00df oder mit dem Rad! Es sind alle herzlich willkommen! <\/p>\n\n\n\n<p><strong>Mai 2021<\/strong><br>Wir stehen alle in den Startl\u00f6chern! Ab dem 22. Mai sollen neue Corona- Bestimmungen kommen und ggf. touristische \u00dcbernachtungen wieder gestattet sein. Dann kann es wieder losgehen! Abwarten und Daumen dr\u00fccken!  <\/p>\n\n\n\n<p>     <br><strong>Januar 2021<\/strong> <br>Das verr\u00fcckte Jahr 2020 ist vorbei. Leider f\u00e4ngt das Jahr 2021 auch nicht viel besser an. Hoffen wir, dass die Impfungen etwas bringen und wir im Sommer doch wieder unserem wundersch\u00f6nen Hobby nachgehen k\u00f6nnen und fremde, sch\u00f6ne Gegenden auf unseren Wanderritten erkunden k\u00f6nnen!<br>Trotz aller Schwierigkeiten konnten im Jahr 2020 \u00fcber 20 Albtraufritte durchgef\u00fchrt werden. Dazu kamen noch viele Einzel\u00fcbernachtungen von ReiterInnen, Wanderern, Radfahrern, Traktorfahrern&#8230; Die Wanderreitstation war im Jahr 2020 so gut besucht, wie die Jahre vorher nicht. Viele Menschen haben den Zugang zu alternativen Urlaubsm\u00f6glichkeiten hier in unserer wundersch\u00f6nen Heimat gefunden. Das hat uns sehr gefreut. <br>In diesem Sinne hoffen wir auf ein gesundes, buntes und irgendwie wieder normaleres Jahr 2021! Wir freuen uns auf Euch! <\/p>\n\n\n\n<p><br><strong>Dezember 2019<\/strong><br><br>So schnell ist dieses Jahr vergangen. Viel ist passiert. Wir mussten im Mai unsere Gachina gehen lassen. Ihre vielen Krankheiten waren nicht mehr zu heilen. <br>Der neue 4-Tages-Albtraufritt wurde sofort sehr gut angenommen und mehrmals gebucht. Auch die neue &#8222;Station Neuffen unter der Burg&#8220; kam bei den WanderreiterInnen auf Anhieb sehr gut an. <br>Im Moment sind wir dabei, die Albtraufritte weiter auszubauen, da die schw\u00e4bische Alb wundersch\u00f6n ist und sich hervorragend f\u00fcr Wanderritte eignet. <br>In der Planung sind ein 2-Tages-Einsteiger-Ritt, der bekannte 3 und 4-Tagesritt, dazu jetzt auch noch ein 6-Tagesritt (ggf. auch 7 Tagesritt mit einem Ruhetag). <br>Und da wir auch mit der Zeit gehen wollen &#8222;Horses for future&#8220;, werden wir im Jahr 2020 auch einen Klima-Ritt anbieten. <br>Mehr verraten wir noch nicht, man kann gespannt sein! <\/p>\n\n\n\n<p><strong>Nachtrag zu den 3- und 4- Tages-Biosph\u00e4ren-Albtraufritten vom Februar 2022:<\/strong> <br>In 2022 gab es gr\u00f6\u00dfere Preiserh\u00f6hungen, die Spritpreise wirkten sich auf den Gep\u00e4cktransport aus, die erh\u00f6hten Preise auf die Kosten der Pferde\u00fcbernachtung und die erh\u00f6hten Lebensmittelpreise wirkten sich auf die Mahlzeiten aus. Aus diesen Gr\u00fcnden gelten die Preise in den unten aufgef\u00fchten Flyern nicht mehr. Wie schon oben beschrieben, kamen in 2022 auch 2 weitere Stationen dazu, so dass es mittlerweile mehrere M\u00f6glichkeiten f\u00fcr Albtraufritte gibt, vom 2- bis 7-Tagesritt. Meldet Euch einfach bei <a href=\"mailto: tatjana@villarichter.de\">mir<\/a>, ich helfe Euch weiter! <\/p>\n\n\n\n<p><strong>April 2019<\/strong><br><br>**** Neu ****<br>Jetzt gibt es auch einen 4-Tages-Biosph\u00e4ren-Albtrauf-Ritt, der das Viereck Bissingen an der Teck &#8222;Villarichter&#8220; &#8211; Feldstetten &#8222;Lindenhof&#8220; &#8211; G\u00e4chingen &#8222;Birkenhof&#8220; &#8211; Neuffen &#8222;Station Neuffen unter der Burg&#8220; beschreibt. <br>Mit der &#8222;Station Neuffen unter der Burg&#8220; haben wir eine tolle, robuste, urige und einsame Partner-Station in der Entfernung eines gem\u00fctlichen Tagesrittes gefunden. Ihr werdet dort in einem eigens f\u00fcr Euch aufgestellten Wohnwagen wohnen, direkt auf der Koppel Eurer Pferde. Mehr Natur und Idylle geht nicht, als am Abend bei einem Lagerfeuer vor dem Wohnwagen direkt unter der Burg &#8222;Hohen Neuffen&#8220; zu sitzen und seinen Pferden beim Grasen zuzuh\u00f6ren. <br>Also schnell hier anfragen. <br><\/p>\n\n\n\n<figure class=\"wp-block-gallery has-nested-images columns-default is-cropped wp-block-gallery-1 is-layout-flex wp-block-gallery-is-layout-flex\">\n<figure class=\"wp-block-image size-large\"><img decoding=\"async\" data-id=\"178\" src=\"https:\/\/villarichter.de\/wp-content\/uploads\/2019\/04\/4TagesTourAussen-1024x721.jpg\" alt=\"\" class=\"wp-image-178\"\/><\/figure>\n\n\n\n<figure class=\"wp-block-image size-large\"><img decoding=\"async\" data-id=\"179\" src=\"https:\/\/villarichter.de\/wp-content\/uploads\/2019\/04\/4TagesTourInnen-1024x721.jpg\" alt=\"\" class=\"wp-image-179\"\/><\/figure>\n<\/figure>\n\n\n\n<p>Und hier noch einmal der Flyer f\u00fcr den 3-Tages-Biosph\u00e4ren-Albtraufritt:<br>(er ist schon mehrfach gebucht f\u00fcr 2019, es hat jedoch noch Termine frei!)<br><\/p>\n\n\n\n<figure class=\"wp-block-gallery has-nested-images columns-default is-cropped wp-block-gallery-2 is-layout-flex wp-block-gallery-is-layout-flex\">\n<figure class=\"wp-block-image size-large\"><img decoding=\"async\" data-id=\"180\" src=\"https:\/\/villarichter.de\/wp-content\/uploads\/2019\/04\/3TagesAlbtraufrittAussen-1024x721.jpg\" alt=\"\" class=\"wp-image-180\"\/><\/figure>\n\n\n\n<figure class=\"wp-block-image size-large\"><img decoding=\"async\" data-id=\"181\" src=\"https:\/\/villarichter.de\/wp-content\/uploads\/2019\/04\/3TagesAlbtraufrittInnen-1024x721.jpg\" alt=\"\" class=\"wp-image-181\"\/><\/figure>\n<\/figure>\n\n\n\n<p><strong>Januar 2019<\/strong><\/p>\n\n\n\n<p><strong>Neue Preise in der Wanderreitstation!<\/strong><br>Aufgrund der aktuellen Heusituation und weil wir s\u00e4mtliches Heu zukaufen m\u00fcssen, m\u00fcssen wir leider die \u00dcbernachtungspreise f\u00fcr Eure Vierbeiner erh\u00f6hen. Ab kommender Saison 2019 kostet eine \u00dcbernachtung f\u00fcr Euer Pferd <strong>15,- Euro<\/strong>. <br>Auch der Preis f\u00fcr das Fr\u00fchst\u00fcck muss erh\u00f6ht werden. Wir versuchen nur regionale Produkte zu nehmen. Diese sind hervorragend, haben aber auch ihren Preis. Ein regionales Fr\u00fchst\u00fcck kostet ab kommender Saison 2019 nun <strong>10,- Euro<\/strong>. Es ist jedoch immer so viel, dass es gut f\u00fcr ein Satteltaschen-Vesper ausreicht<\/p>\n\n\n\n<p><\/p>\n\n\n\n<p><strong>2018:<\/strong><\/p>\n\n\n\n<p><strong>20 Jahre Pensionsstall &#8222;Villarichter&#8220;! 20 Gr\u00fcnde zu Feiern!<\/strong> <br>Am 15. September 2018 feierten wir mit allen Freunden und Bekannten, die   irgendwann mal irgendwas mit unserem Stall zu tun hatten ein total   nettes und gem\u00fctliches Fest! Vielen Dank f\u00fcr Euer Kommen und vor allem   f\u00fcr Euer Vertrauen in unseren kleinen, aber feinen Privatstall! <\/p>\n\n\n<div class=\"wp-block-image\">\n<figure class=\"alignleft\"><img decoding=\"async\" src=\"https:\/\/villarichter.de\/wp-content\/uploads\/2019\/01\/IMG_7074-1-1024x683.jpg\" alt=\"\" class=\"wp-image-167\"\/><figcaption class=\"wp-element-caption\"><br><br><br><\/figcaption><\/figure><\/div>","protected":false},"excerpt":{"rendered":"<p>Januar 2024 Nach diesem sehr speziellen Jahr 2023 (mein Mann und ich sind 2464 km von der Haust\u00fcre nach Santiago der Compostella gelaufen in 104 Etappen und die Wanderreitstation Villarichter war geschlossen) kommt nun wieder ein &#8222;normales&#8220; Jahr. Wir freuen uns jetzt um so mehr auf Euch WanderreiterInnen, auf nette Gespr\u00e4che und interessante Geschichten. Save&hellip;<\/p>\n","protected":false},"author":1,"featured_media":0,"parent":0,"menu_order":0,"comment_status":"closed","ping_status":"closed","template":"","meta":{"ngg_post_thumbnail":0,"footnotes":""},"_links":{"self":[{"href":"https:\/\/villarichter.de\/index.php?rest_route=\/wp\/v2\/pages\/125"}],"collection":[{"href":"https:\/\/villarichter.de\/index.php?rest_route=\/wp\/v2\/pages"}],"about":[{"href":"https:\/\/villarichter.de\/index.php?rest_route=\/wp\/v2\/types\/page"}],"author":[{"embeddable":true,"href":"https:\/\/villarichter.de\/index.php?rest_route=\/wp\/v2\/users\/1"}],"replies":[{"embeddable":true,"href":"https:\/\/villarichter.de\/index.php?rest_route=%2Fwp%2Fv2%2Fcomments&post=125"}],"version-history":[{"count":28,"href":"https:\/\/villarichter.de\/index.php?rest_route=\/wp\/v2\/pages\/125\/revisions"}],"predecessor-version":[{"id":261,"href":"https:\/\/villarichter.de\/index.php?rest_route=\/wp\/v2\/pages\/125\/revisions\/261"}],"wp:attachment":[{"href":"https:\/\/villarichter.de\/index.php?rest_route=%2Fwp%2Fv2%2Fmedia&parent=125"}],"curies":[{"name":"wp","href":"https:\/\/api.w.org\/{rel}","templated":true}]}}

<p><strong>Januar 2024</strong> <br>Nach diesem sehr speziellen Jahr 2023 (mein Mann und ich sind 2464 km von der Haustüre nach Santiago der Compostella gelaufen in 104 Etappen und die Wanderreitstation Villarichter war geschlossen) kommt nun wieder ein &#8222;normales&#8220; Jahr. Wir freuen uns jetzt um so mehr auf Euch WanderreiterInnen, auf nette Gespräche und interessante Geschichten. <br>Save the Date oder auf Deutsch: Markiere Deinen Kalender, es lohnt sich:<br>&#8211; 16. bis 18. Febr.: Messe &#8222;Pferd Bodensee&#8220; in Friedrichshafen, &#8222;Mittlere Alb zu Pferde e. V.&#8220; ist mit einem <br>                  Stand (Halle A4, Stand A4-F22) dort vertreten, ich bin an allen Tagen am Stand, <br>                  meldet Euch und sagt Hallo! <br>&#8211; 27. April: Saisoneröffnung in Gächingen in der Wanderreitstation Albwege, <br>                  siehe <a href="http://www.wanderreiten-alb.de">www.wanderreiten-alb.de</a><br>&#8211; 6. und 7. Juli: Geschicklichkeitslehrgang bei Urte Biallas hier in der Villarichter </p>



<figure class="wp-block-image size-large"><img decoding="async" src="https://villarichter.de/wp-content/uploads/2024/01/Plakat2024-724x1024.jpg" alt="" class="wp-image-254"/></figure>



<p><br><strong>Februar 2023:</strong><br>Familie Richter wünscht allen, die diese Seite besuchen noch ein wunderschönes Jahr 2023. Wie die Zeit doch rennt, haben wir schon wieder Februar. <br>Dieses Jahr wird ein besonderes Jahr für uns. Hansjörg geht in den Vorruhestand und dies haben er und ich als Anlass genommen, dieses Jahr &#8222;mal weg zu sein&#8220;. Ja, richtig, wir wollen bzw. wir werden den Jakobsweg laufen und zwar von der Haustüre an, knappe 2300 Km nach Santiago de Compostella. Der geplante Start ist Ende Mai. Sämtliche Planungen in Richtung Stall und auch Wanderreitstation sind in vollem Gange. <br>Die Wanderreitstation Villarichter wird dieses Jahr am 22. Mai wieder schließen. Und da wir uns keinen Stress machen wollen, kann hier auch nicht gesagt werden, ob wir bis September wieder zurück sind. Sollte die Station im September/Oktober noch einmal öffnen, werden wir es hier und in anderen medialen Kanälen posten und geben somit Kurzentschlossen noch einmal die Möglichkeit einen kleinen Mehrtagsritt zu machen. <br></p>



<p></p>



<p><strong>Februar 2022</strong><br>Wir, die Wanderreitstation Villarichter, sind seit 2016 Mitglied im Verein &#8222;<a href="http://www.wanderreiten-alb.de">Mittlere Alb zu Pferde e. V.</a>&#8222;. Seit Mai 2021 bin ich, Tatjana, auch 1. Vorsitzende dieses Vereins. Es ist ein Zusammenschluss mehrerer landwirtschaftlicher Höfe, die Wanderreitern Übernachtungsmöglichkeiten mit ihren Pferden bieten. Hier haben wir seit diesem Jahr 2 neue Stationen, den <a href="http://www.rosenhof-pferde.de">Rosenhof</a> auf dem Bläsiberg und den <a href="http://www.familienbetrieb-raubeckhof.de">Raubeckhof</a> in Dürnau. <br>Mit diesen Höfen gibt es nun mit der Wanderreitstation Villarichter zusammen unendlich viele Möglichkeiten für neue Touren am Albtrauf! Bei Interesse fragt einfach bei <a href="mailto: tatjana@villarichter.de">mir</a> an und ich mache Euch Euer individuelles Angebot! Ich freu mich auf Euch! </p>



<p><br><strong>Januar 2022</strong><br>Liebe Besucher dieser Seite, wir wünschen Euch ein wunderschönes, gesundes und vor allem wieder normaleres Jahr 2022! Unsere Pferde haben Silvester (mit erstaunlich vielen Böllern, trotz Kaufverbot!) gut überstanden. <br>Die Wanderreitstation ist noch im Winterschlaf, aber die ersten Touren sind bereits geplant und gebucht und die Anfragen werden bereits jetzt schon mehr. Wir freuen uns auf viele Gäste, egal ob mit Pferden, zu Fuß oder mit dem Rad! Es sind alle herzlich willkommen! </p>



<p><strong>Mai 2021</strong><br>Wir stehen alle in den Startlöchern! Ab dem 22. Mai sollen neue Corona- Bestimmungen kommen und ggf. touristische Übernachtungen wieder gestattet sein. Dann kann es wieder losgehen! Abwarten und Daumen drücken!  </p>



<p>     <br><strong>Januar 2021</strong> <br>Das verrückte Jahr 2020 ist vorbei. Leider fängt das Jahr 2021 auch nicht viel besser an. Hoffen wir, dass die Impfungen etwas bringen und wir im Sommer doch wieder unserem wunderschönen Hobby nachgehen können und fremde, schöne Gegenden auf unseren Wanderritten erkunden können!<br>Trotz aller Schwierigkeiten konnten im Jahr 2020 über 20 Albtraufritte durchgeführt werden. Dazu kamen noch viele Einzelübernachtungen von ReiterInnen, Wanderern, Radfahrern, Traktorfahrern&#8230; Die Wanderreitstation war im Jahr 2020 so gut besucht, wie die Jahre vorher nicht. Viele Menschen haben den Zugang zu alternativen Urlaubsmöglichkeiten hier in unserer wunderschönen Heimat gefunden. Das hat uns sehr gefreut. <br>In diesem Sinne hoffen wir auf ein gesundes, buntes und irgendwie wieder normaleres Jahr 2021! Wir freuen uns auf Euch! </p>



<p><br><strong>Dezember 2019</strong><br><br>So schnell ist dieses Jahr vergangen. Viel ist passiert. Wir mussten im Mai unsere Gachina gehen lassen. Ihre vielen Krankheiten waren nicht mehr zu heilen. <br>Der neue 4-Tages-Albtraufritt wurde sofort sehr gut angenommen und mehrmals gebucht. Auch die neue &#8222;Station Neuffen unter der Burg&#8220; kam bei den WanderreiterInnen auf Anhieb sehr gut an. <br>Im Moment sind wir dabei, die Albtraufritte weiter auszubauen, da die schwäbische Alb wunderschön ist und sich hervorragend für Wanderritte eignet. <br>In der Planung sind ein 2-Tages-Einsteiger-Ritt, der bekannte 3 und 4-Tagesritt, dazu jetzt auch noch ein 6-Tagesritt (ggf. auch 7 Tagesritt mit einem Ruhetag). <br>Und da wir auch mit der Zeit gehen wollen &#8222;Horses for future&#8220;, werden wir im Jahr 2020 auch einen Klima-Ritt anbieten. <br>Mehr verraten wir noch nicht, man kann gespannt sein! </p>



<p><strong>Nachtrag zu den 3- und 4- Tages-Biosphären-Albtraufritten vom Februar 2022:</strong> <br>In 2022 gab es größere Preiserhöhungen, die Spritpreise wirkten sich auf den Gepäcktransport aus, die erhöhten Preise auf die Kosten der Pferdeübernachtung und die erhöhten Lebensmittelpreise wirkten sich auf die Mahlzeiten aus. Aus diesen Gründen gelten die Preise in den unten aufgefühten Flyern nicht mehr. Wie schon oben beschrieben, kamen in 2022 auch 2 weitere Stationen dazu, so dass es mittlerweile mehrere Möglichkeiten für Albtraufritte gibt, vom 2- bis 7-Tagesritt. Meldet Euch einfach bei <a href="mailto: tatjana@villarichter.de">mir</a>, ich helfe Euch weiter! </p>



<p><strong>April 2019</strong><br><br>**** Neu ****<br>Jetzt gibt es auch einen 4-Tages-Biosphären-Albtrauf-Ritt, der das Viereck Bissingen an der Teck &#8222;Villarichter&#8220; &#8211; Feldstetten &#8222;Lindenhof&#8220; &#8211; Gächingen &#8222;Birkenhof&#8220; &#8211; Neuffen &#8222;Station Neuffen unter der Burg&#8220; beschreibt. <br>Mit der &#8222;Station Neuffen unter der Burg&#8220; haben wir eine tolle, robuste, urige und einsame Partner-Station in der Entfernung eines gemütlichen Tagesrittes gefunden. Ihr werdet dort in einem eigens für Euch aufgestellten Wohnwagen wohnen, direkt auf der Koppel Eurer Pferde. Mehr Natur und Idylle geht nicht, als am Abend bei einem Lagerfeuer vor dem Wohnwagen direkt unter der Burg &#8222;Hohen Neuffen&#8220; zu sitzen und seinen Pferden beim Grasen zuzuhören. <br>Also schnell hier anfragen. <br></p>



<figure class="wp-block-gallery has-nested-images columns-default is-cropped wp-block-gallery-1 is-layout-flex wp-block-gallery-is-layout-flex">
<figure class="wp-block-image size-large"><img decoding="async" data-id="178" src="https://villarichter.de/wp-content/uploads/2019/04/4TagesTourAussen-1024x721.jpg" alt="" class="wp-image-178"/></figure>



<figure class="wp-block-image size-large"><img decoding="async" data-id="179" src="https://villarichter.de/wp-content/uploads/2019/04/4TagesTourInnen-1024x721.jpg" alt="" class="wp-image-179"/></figure>
</figure>



<p>Und hier noch einmal der Flyer für den 3-Tages-Biosphären-Albtraufritt:<br>(er ist schon mehrfach gebucht für 2019, es hat jedoch noch Termine frei!)<br></p>



<figure class="wp-block-gallery has-nested-images columns-default is-cropped wp-block-gallery-2 is-layout-flex wp-block-gallery-is-layout-flex">
<figure class="wp-block-image size-large"><img decoding="async" data-id="180" src="https://villarichter.de/wp-content/uploads/2019/04/3TagesAlbtraufrittAussen-1024x721.jpg" alt="" class="wp-image-180"/></figure>



<figure class="wp-block-image size-large"><img decoding="async" data-id="181" src="https://villarichter.de/wp-content/uploads/2019/04/3TagesAlbtraufrittInnen-1024x721.jpg" alt="" class="wp-image-181"/></figure>
</figure>



<p><strong>Januar 2019</strong></p>



<p><strong>Neue Preise in der Wanderreitstation!</strong><br>Aufgrund der aktuellen Heusituation und weil wir sämtliches Heu zukaufen müssen, müssen wir leider die Übernachtungspreise für Eure Vierbeiner erhöhen. Ab kommender Saison 2019 kostet eine Übernachtung für Euer Pferd <strong>15,- Euro</strong>. <br>Auch der Preis für das Frühstück muss erhöht werden. Wir versuchen nur regionale Produkte zu nehmen. Diese sind hervorragend, haben aber auch ihren Preis. Ein regionales Frühstück kostet ab kommender Saison 2019 nun <strong>10,- Euro</strong>. Es ist jedoch immer so viel, dass es gut für ein Satteltaschen-Vesper ausreicht</p>



<p></p>



<p><strong>2018:</strong></p>



<p><strong>20 Jahre Pensionsstall &#8222;Villarichter&#8220;! 20 Gründe zu Feiern!</strong> <br>Am 15. September 2018 feierten wir mit allen Freunden und Bekannten, die   irgendwann mal irgendwas mit unserem Stall zu tun hatten ein total   nettes und gemütliches Fest! Vielen Dank für Euer Kommen und vor allem   für Euer Vertrauen in unseren kleinen, aber feinen Privatstall! </p>


<div class="wp-block-image">
<figure class="alignleft"><img decoding="async" src="https://villarichter.de/wp-content/uploads/2019/01/IMG_7074-1-1024x683.jpg" alt="" class="wp-image-167"/><figcaption class="wp-element-caption"><br><br><br></figcaption></figure></div>

<p>Januar 2024 Nach diesem sehr speziellen Jahr 2023 (mein Mann und ich sind 2464 km von der Haustüre nach Santiago der Compostella gelaufen in 104 Etappen und die Wanderreitstation Villarichter war geschlossen) kommt nun wieder ein &#8222;normales&#8220; Jahr. Wir freuen uns jetzt um so mehr auf Euch WanderreiterInnen, auf nette Gespräche und interessante Geschichten. Save&hellip;</p>
